+ -12 + 2 + (-8 - -9).
22
What is the value of (0 - 3) + 16 + (8 - -6 - 23)?
4
What is 16 + -12 + 9 + -11?
2
1 - 6 - (3 - 4) - 7
-11
What is (-13 - -7 - -22) + -2?
14
Calculate -5 + (-21 - 5) + 11.
-20
What is -1 - (-7 + 1 - -16 - 7)?
-4
What is the value of 15 + -10 - ((-5 - -8 - 13) + -7)?
22
Calculate -13 + 12 + 36 + -21.
14
14 + -22 + 11 + -1 + (1 - 3)
0
What is 4 + -1 + -12 - -6?
-3
272 + -241 + (-5 - (-2 + 2 + -3))
29
Calculate 17 - -3 - (-21 + 35).
6
What is the value of (-655 - -580) + (2 - -47)?
-26
0 + -10 + (66 - 33 - 22) + -7
-6
What is -4 - (-58 - -34 - -28)?
-8
Calculate (-1 + 5 - -1) + (0 - (2 - 10)).
13
1 + (18 - 11 - 16) + -5 + 17
4
What is (-28 - (-4 - 16)) + (14 - 1)?
5
What is -1 - (6 + -16) - 9?
0
Evaluate 6 + (10 - (0 - -12)) + -15.
-11
What is the value of 6 + 1 + -956 + 954?
5
(8 - 65) + -56 + 91
-22
Evaluate 3 + (-44 - -42) + (2 - 16).
-13
Evaluate -2 - (13 + -8 - 22).
15
What is the value of -1 - 19 - (-56 - -43)?
-7
-5 - (4 - 7) - -8 - 34 - 1
-29
What is the value of (-14 - -7) + 28 + -17?
4
What is 22 - 36 - ((-4 - (-2 + 3)) + 1)?
-10
-7 + -28 + -16 + 82
31
(-6 + 10 - 1 - -2) + 3 + -7
1
What is the value of -19 + 0 - (-236 + 216)?
1
What is 10 + (-6 - -1) + -1 + -5 + -5?
-6
42 + (-40 - (-11 + -2))
15
Calculate 15 + -3 + (9 - 17).
4
Calculate -5 + -15 + (-19 - -21).
-18
Evaluate -18 + (6 + 6 + (-5 - -8) - 5).
-8
Calculate (63 - (-81 - -154)) + (0 - -1) + -2.
-11
What is -28 - (2 - (7 + (-3 - 1) - -4))?
-23
Calculate 2 - (-12 + -4 + 15 + -15).
18
What is -24 - (-9 + 10 + 10 + -20)?
-15
Evaluate 5 + -3 - (25 - (-3 - -45)).
19
Calculate -1 + 4 - (-17 - (6 + -20 + 7)).
13
What is the value of 1 - 0 - 1 - (-24 + 8 + 24)?
-8
What is the value of (9 - -5) + -24 - -12 - 16?
-14
What is -32 - -26 - (1 - -7 - 2)?
-12
Evaluate 21 + -4 - (58 + -11).
-30
Calculate -10 - (3 - 3) - (-9 + -3).
2
1 + -5 - (10 - 18) - (-9 + 0)
13
What is the value of -97 - -54 - (-72 - 3)?
32
What is 3 - (-7 - (-6 + 13 + -9))?
8
-4 - ((6 - (4 + -6)) + -8)
-4
What is 1 + 3 + 7 - 20?
-9
Evaluate -77 + (37 - 9) - -24.
-25
Evaluate 2 - 0 - -1 - (17 + -28 + 25).
-11
Calculate (16 - (1 + -2 + 4)) + 4 + -8.
9
What is the value of -6 + (1 + 0 - 0) + -110 + 115?
0
(-19 - (-22 + (7 - -4))) + -10
-18
What is the value of (2 - (-10 + -1)) + (145 - 151)?
7
What is the value of 68 + -84 - (-8 + (-3 - (-4 + 0)))?
-9
-11 + -3 + 26 + -4 + -3
5
What is 5 - (-25 - (4 + -18))?
16
Calculate -89 + 75 - (4 + 8).
-26
Calculate -3 - (7 + 15 + -24).
-1
What is the value of 149 + -156 + (-2 + -2 - -15)?
4
(4 + 1 + -7 - 5) + -2 + 6
-3
What is the value of 18 + 1 - (546 - 532)?
5
-30 - (-31 + 17) - -18
2
31 - ((190 - 182) + (-2 - -1 - 1))
25
Evaluate -6 - (14 - ((5 - 5) + 10) - 8).
-2
What is the value of -18 + -23 + -33 + 86?
12
21 - (8 + 0 + (-3 - 3)) - -4
23
(9 - 7) + 4 + (5 - 13) + 4
2
What is the value of 6 - (15 + 3 + 2 + -7 + 3)?
-10
Evaluate -8 + 6 - (2 - (-2 + 2 + 4)).
0
What is 15 + -73 + (71 - 42)?
-29
Calculate 10 + -2 + 8 + (1 - -6) + -17.
6
What is -1 + (-1 - 0) + (1728 - 1719) - 6?
1
Evaluate -9 + 10 + 4 + -11.
-6
What is -8 + 3 - (4 - (0 - -4))?
-5
Calculate -4 - -11 - (-21 + 21).
7
Calculate -1 + 6 + (1 - -2 - -13 - 19).
2
Evaluate -4 + 16 + (9 - 5) - (23 - 25).
18
4 + -3 + -8 + 9 - -8
10
21 + -1 + (-21 - -13)
12
What is (-43 - -36) + 6 + (-1 - -17)?
15
What is the value of -3 + (-12 - -9) + (2 - 6)?
-10
What is the value of -6 + 18 + -3 - (-42 + 72)?
-21
Evaluate -25 + (16 - (48 + -13) - -32).
-12
What is -14 - (13 + -20) - -5?
-2
Calculate 12 + 9 - 7 - (-1 - -3).
12
Calculate -6 - (-8 + 5 + -6 - 11).
14
Evaluate 5 - (8 - 0) - -15.
12
Evaluate (-9 - (-11 - -4)) + 12 - 6.
4
-39 + 29 + 29 + -13
6
3 + -6 - (5 - (1 + -1)) - 4
-12
(7 - 5 - 15) + 15
2
-13 + 17 - 3 - (4 + (-4 - -15))
-14
What is (-27 - (-43 - -17)) + 16?
15
Calculate -7 + -13 + -12 + 19 + 3.
-10
-33 - -12 - (-24 - (3 - 14))
-8
What is -11 + 1 + 2 + 2224 + -2220?
-4
210 - 203 - (-3 + 5)
5
What is the value of 20 - (15 + (-11 - 15) - (1 + -17))?
15
Evaluate 1 + -19 + -20 + (26 - 10).
-22
What is 8 + 1 + 56 + (-74 - -3)?
-6
Calculate (0 - 3 - (-4 - 8)) + -250 + 255.
14
1 - (-8 - -4) - (-27 - -19)
13
What is -12 + (0 - 0) + -62 + 64?
-10
-3 + 1 + -48 + 41 + -2 + 19
8
-36 + 36 + -8 + 1
-7
Calculate (30 - 38) + 17 + 0 + 0.
9
Calculate 27 + -38 - (5 - 30) - 4.
10
What is the value of (3 - 6) + 29 - -2?
28
What is -24 + 8 + (-1 - 0 - (7 - 6))?
-18
What is the value of -5 + (-3 - (0 - 6 - -5)) + 5?
-2
-6 - (16 + -28 + 17)
-11
What is the value of ((5 - 2) + 4 - -2) + -2 + 0?
7
Calculate -1 + -2 + (-27 - -35).
5
Evaluate (-24 - -20) + -38 - (-7 - 6).
-29
Calculate 9 - 24 - (-2 - 13).
0
0 + -78 + 72 + (-3 - (0 + -6))
-3
What is the value of -5 - (16 + 5 + -31)?
5
What is the value of 8 + (11 - 2) + -14 + -2 + -3?
-2
What is the value of -19 - (-2 - (4 - (-5 - (-6 + -5))))?
-19
What is -34 - -47 - (2 - 3 - -10)?
4
Calculate 2 + (7 - (21 - (-2 - -12))).
-2
Evaluate 29 + (-20 - 19) - -24.
14
What is the value of 287 + -287 + (1 - 16 - (3 + -3))?
-15
What is -2 + (-2 - -6) - (15 + -5)?
-8
What is 4 + (10 + -15 - -25)?
24
-48 + 18 - -29 - 22
-23
6 - (14 + -15 - 11 - 0)
18
Calculate 5 + (-4 - -2) + 2 + 0 + 2.
7
What is -15 - (-1 + (-10 + -9 - -16))?
-11
13 + -11 - -7 - 7
2
Calculate 5 - (2 + 0) - (-1 - (-4 + 1)).
1
What is the value of 0 + (-7 - 7 - -9) - (0 + 6)?
-11
Evaluate (-21 + 31 - (7 - 0) - 7) + 7.
3
What is the value of 6 + -13 + -6 + -9 - (4 + -11)?
-15
What is the value of (7 - (0 - -2)) + 2 - (117 + -116)?
6
Evaluate 19 - (-11 + 6 + (1 - -9)).
14
Calculate 12 + 1 + (770 - 811).
-28
What is the value of (-13 - (13 - 44)) + -4?
14
What is (4 - (-27 + 23)) + 12?
20
What is 2 + (-1 + -1 - (-4 + 1 - 4))?
7
Calculate -174 + 158 - (2 - -3).
-21
Evaluate 2 - -4 - (21 - (16 - 24)).
-23
What is the value of -2 + -14 - (106 + -115)?
-7
What is the value of (-3 - 0) + (-102 - -114)?
9
What is the value of -36 + -2 + -26 + (37 - 9)?
-36
(4 - 37) + 38 + 3 + -33
-25
What is 0 - -4 - ((-8 - 9) + 11 + 0)?
10
Evaluate 10 + (0 - -9) + -13 - (-11 + 1).
16
-13 - (4 - 5) - (7 + -3)
-16
Calculate 3 + (-19 - 16) + 19.
-13
-1 - -2 - (45 + -47)
3
Calculate (0 - 25) + (-17 - -24) + 10.
-8
-6 + -5 + (7 - (-2 + 6))
-8
Evaluate (40 - 68) + 63 + (-4 - -1).
32
What is the value of (-3 - -10) + -2 + (0 - (7 + -4))?
2
Calculate 22 + 2 + 5 + -6 + (-19 - -14).
18
((10 - -1) + -7 - (-1 - -14)) + 7
-2
What is -7 - 8 - (-5 - -1)?
-11
What is 24 - (16 - 15 - -16)?
7
What is 14 + -2 - (5 + -9)?
16
What is 11 - 3 - (-3 + 17) - -24?
18
2 + 26 + -36 - -45
37
What is the value of -10 - (19 + -29 + -4)?
4
What is -4 + -25 + 38 - (-4 + 0 - -53)?
-40
What is (-17 + 27 - 46) + 18 - (-1 - -11)?
-28
Calculate 2 - -6 - ((-5 - -5) + 10).
-2
What is the value of -4 + 6 - 1 - -6 - -4?
11
Calculate -19 + (4 - -15 - 28).
-28
14 + -23 + 9 + -2 - -3
1
What is the value of -14 - (-6 - ((-6 - -6) + 0))?
-8
Evaluate (0 - -6) + (-6 + 5 - (3 - 1)).
3
What is the value of 10 - (12 - (7 - -1))?
6
Calculate (-27 - (22 + -72)) + 1 + -7.
17
What is the value of -3 - 4 - (-1 - 0 - 4)?
-2
Calculate 8 + 34 - (51 + -50).
41
11 - 6 - -15 - -1 - (2 + 2)
17
What is 20 - 32 - (0 + -14)?
2
What is the value of 1 - (-3 + 0 + (-7 - -10) + -4)?
5
Calculate -32 - (26 + (-67 - 0)).
9
-12 + (-13 - -2 - (62 - 70))
-15
Calculate 13 - 23 - (-11 - 0).
1
What is (5 - 45) + 52 - (-1 + 7)?
6
-8 + 34 + (-5 + -5 + 6 - 6)
16
Calculate (4 - (6 - 23)) + -13.
8
Evaluate -7 + ((17 - 9) + -7 - 3).
-9
What is -7 - (1 + 11 - 30 - -5)?
6
What is 39 - ((14 - -45) + -32)?
12
What is 17 - (9 - 23 - -35)?
-4
(15 - 12 - 10) + -5 + -3
-15
What is -7 - ((2 - 9) + (62 - 52))?
-10
Evaluate (23 - -17) + -7 + (4 - 8 - 5).
24
-2 + -6 + (-6 - -9) + 1 + -3
-7
What is -5 + 6 + -3 + 14 + -23?
-11
Calculate -1 + 1 - (5 + (-17 - 11)).
23
What is -10 - -18 - -22 - 16?
14
What is 94 - 93 - (0 - 1 - (-3 - -2))?
1
What is the value of 1 - (-26 + 23 - (-3 + -5))?
-4
What is -6 + (11 - 6) + -11 + 7?
-5
What is the value of 30 - 35 - (0 + (-2 - 12)) - 7?
2
What is -39 + -4 + (6 - (0 - (4 + 2)))?
-31
Calculate -11 + (8 + 9 + -6 - (8 + -2)).
-6
What is 16 + (4 - (19 - 6)) - 16?
-9
Calculate 1 + -15 + (47 - (42 - -20)).
-29
Evaluate 13 - (10 + 0 + 7 - 1).
-3
What is 0 - 18 - (-259 - -257)?
-16
Calculate (-16 - 3) + (-21 - (-30 + 